{"id":741,"date":"2025-07-11T17:55:15","date_gmt":"2025-07-11T22:55:15","guid":{"rendered":"https:\/\/marymountbogota.com\/newsite\/?page_id=741"},"modified":"2025-12-05T16:22:23","modified_gmt":"2025-12-05T21:22:23","slug":"proyecto-coed","status":"publish","type":"page","link":"https:\/\/marymountbogota.com\/newsite\/proyecto-coed\/","title":{"rendered":"Proyecto CoEd"},"content":{"rendered":"\t\t<div data-elementor-type=\"wp-page\" data-elementor-id=\"741\" class=\"elementor elementor-741\" data-elementor-post-type=\"page\">\n\t\t\t\t\t\t<section data-particle_enable=\"false\" data-particle-mobile-disabled=\"false\" class=\"has_ae_slider elementor-section elementor-top-section elementor-element elementor-element-3dd6bd6 elementor-section-height-min-height elementor-section-items-bottom elementor-section-boxed elementor-section-height-default ae-bg-gallery-type-default\" data-id=\"3dd6bd6\" data-element_type=\"section\" data-e-type=\"section\" data-settings=\"{&quot;background_background&quot;:&quot;classic&quot;}\">\n\t\t\t\t\t\t\t<div class=\"elementor-background-overlay\"><\/div>\n\t\t\t\t\t\t\t<div class=\"elementor-container elementor-column-gap-default\">\n\t\t\t\t\t<div class=\"has_ae_slider elementor-column elementor-col-100 elementor-top-column elementor-element elementor-element-23deae3 ae-bg-gallery-type-default\" data-id=\"23deae3\" data-element_type=\"column\" data-e-type=\"column\">\n\t\t\t<div class=\"elementor-widget-wrap elementor-element-populated\">\n\t\t\t\t\t\t<div class=\"elementor-element elementor-element-a1807b7 elementor-widget__width-auto elementor-widget elementor-widget-heading\" data-id=\"a1807b7\" data-element_type=\"widget\" data-e-type=\"widget\" data-widget_type=\"heading.default\">\n\t\t\t\t<div class=\"elementor-widget-container\">\n\t\t\t\t\t<h1 class=\"elementor-heading-title elementor-size-default\">COEDUCACI\u00d3N CON EL GIMNASIO CAMPESTRE CoEd<\/h1>\t\t\t\t<\/div>\n\t\t\t\t<\/div>\n\t\t\t\t\t<\/div>\n\t\t<\/div>\n\t\t\t\t\t<\/div>\n\t\t<\/section>\n\t\t\t\t<section data-particle_enable=\"false\" data-particle-mobile-disabled=\"false\" class=\"has_ae_slider elementor-section elementor-top-section elementor-element elementor-element-a0be280 elementor-section-boxed elementor-section-height-default elementor-section-height-default ae-bg-gallery-type-default\" data-id=\"a0be280\" data-element_type=\"section\" data-e-type=\"section\">\n\t\t\t\t\t\t<div class=\"elementor-container elementor-column-gap-default\">\n\t\t\t\t\t<div class=\"has_ae_slider elementor-column elementor-col-50 elementor-top-column elementor-element elementor-element-bd06bda ae-bg-gallery-type-default\" data-id=\"bd06bda\" data-element_type=\"column\" data-e-type=\"column\">\n\t\t\t<div class=\"elementor-widget-wrap elementor-element-populated\">\n\t\t\t\t\t\t<div class=\"elementor-element elementor-element-c7ec3fb corner-rounded line-bottom-l elementor-widget elementor-widget-image\" data-id=\"c7ec3fb\" data-element_type=\"widget\" data-e-type=\"widget\" data-widget_type=\"image.default\">\n\t\t\t\t<div class=\"elementor-widget-container\">\n\t\t\t\t\t\t\t\t\t\t\t\t\t\t\t<img fetchpriority=\"high\" decoding=\"async\" width=\"724\" height=\"510\" src=\"https:\/\/marymountbogota.com\/newsite\/wp-content\/uploads\/2025\/10\/logo-coed.webp\" class=\"attachment-large size-large wp-image-4617\" alt=\"\" srcset=\"https:\/\/marymountbogota.com\/newsite\/wp-content\/uploads\/2025\/10\/logo-coed.webp 724w, https:\/\/marymountbogota.com\/newsite\/wp-content\/uploads\/2025\/10\/logo-coed-300x211.webp 300w\" sizes=\"(max-width: 724px) 100vw, 724px\" \/>\t\t\t\t\t\t\t\t\t\t\t\t\t\t\t<\/div>\n\t\t\t\t<\/div>\n\t\t\t\t\t<\/div>\n\t\t<\/div>\n\t\t\t\t<div class=\"has_ae_slider elementor-column elementor-col-50 elementor-top-column elementor-element elementor-element-3f044a8 ae-bg-gallery-type-default\" data-id=\"3f044a8\" data-element_type=\"column\" data-e-type=\"column\" data-settings=\"{&quot;background_background&quot;:&quot;classic&quot;}\">\n\t\t\t<div class=\"elementor-widget-wrap elementor-element-populated\">\n\t\t\t\t\t\t<div class=\"elementor-element elementor-element-fb97400 elementor-widget elementor-widget-heading\" data-id=\"fb97400\" data-element_type=\"widget\" data-e-type=\"widget\" data-widget_type=\"heading.default\">\n\t\t\t\t<div class=\"elementor-widget-container\">\n\t\t\t\t\t<h2 class=\"elementor-heading-title elementor-size-default\">\u00bfQu\u00e9 es CoEd?<\/h2>\t\t\t\t<\/div>\n\t\t\t\t<\/div>\n\t\t\t\t<div class=\"elementor-element elementor-element-bcdec2f elementor-widget elementor-widget-text-editor\" data-id=\"bcdec2f\" data-element_type=\"widget\" data-e-type=\"widget\" data-widget_type=\"text-editor.default\">\n\t\t\t\t<div class=\"elementor-widget-container\">\n\t\t\t\t\t\t\t\t\t<p>CoEd es una alianza entre el Colegio Marymount y el Gimnasio Campestre que busca crear espacios acad\u00e9micos, formativos, deportivos y culturales compartidos, con el prop\u00f3sito de fortalecer la integraci\u00f3n entre estudiantes, el aprendizaje en entornos diversos y el desarrollo de habilidades sociales y emocionales.<\/p><p>Esta iniciativa, pionera en Colombia, une a dos instituciones educativas de educaci\u00f3n diferenciada con amplia trayectoria y reconocido prestigio. CoEd ha sido destacada como una propuesta innovadora y de vanguardia, que se fundamenta en el respeto mutuo y en el valor que cada colegio aporta desde su identidad y modelo educativo.<\/p>\t\t\t\t\t\t\t\t<\/div>\n\t\t\t\t<\/div>\n\t\t\t\t\t<\/div>\n\t\t<\/div>\n\t\t\t\t\t<\/div>\n\t\t<\/section>\n\t\t\t\t<section data-particle_enable=\"false\" data-particle-mobile-disabled=\"false\" class=\"has_ae_slider elementor-section elementor-top-section elementor-element elementor-element-73e6903 elementor-section-boxed elementor-section-height-default elementor-section-height-default ae-bg-gallery-type-default\" data-id=\"73e6903\" data-element_type=\"section\" data-e-type=\"section\">\n\t\t\t\t\t\t<div class=\"elementor-container elementor-column-gap-default\">\n\t\t\t\t\t<div class=\"has_ae_slider elementor-column elementor-col-50 elementor-top-column elementor-element elementor-element-13c376c ae-bg-gallery-type-default\" data-id=\"13c376c\" data-element_type=\"column\" data-e-type=\"column\" data-settings=\"{&quot;background_background&quot;:&quot;classic&quot;}\">\n\t\t\t<div class=\"elementor-widget-wrap elementor-element-populated\">\n\t\t\t\t\t\t<div class=\"elementor-element elementor-element-d540f0f elementor-widget elementor-widget-heading\" data-id=\"d540f0f\" data-element_type=\"widget\" data-e-type=\"widget\" data-widget_type=\"heading.default\">\n\t\t\t\t<div class=\"elementor-widget-container\">\n\t\t\t\t\t<h2 class=\"elementor-heading-title elementor-size-default\">Implementaci\u00f3n<\/h2>\t\t\t\t<\/div>\n\t\t\t\t<\/div>\n\t\t\t\t<div class=\"elementor-element elementor-element-9e0a5ee elementor-widget elementor-widget-text-editor\" data-id=\"9e0a5ee\" data-element_type=\"widget\" data-e-type=\"widget\" data-widget_type=\"text-editor.default\">\n\t\t\t\t<div class=\"elementor-widget-container\">\n\t\t\t\t\t\t\t\t\t<p>Desde su lanzamiento en 2023, CoEd se ha consolidado como un proyecto en constante expansi\u00f3n, cada vez m\u00e1s amplio y ambicioso.<\/p><p>A lo largo del a\u00f1o, los estudiantes de ambos colegios se encuentran en al menos tres sesiones estructuradas, dise\u00f1adas por docentes de distintas \u00e1reas y asignaturas. Estas experiencias acad\u00e9micas se complementan con una variada oferta de actividades fuera del aula, espacios l\u00fadico-deportivos, jornadas STEM, proyectos de investigaci\u00f3n, colaboraciones art\u00edsticas, talleres formativos en psicolog\u00eda y convivencia adaptados a cada etapa del desarrollo, encuentros en expediciones por Colombia, ferias universitarias y jornadas de orientaci\u00f3n vocacional, entre otros.<\/p><p>De manera espont\u00e1nea y entusiasta, los propios estudiantes han comenzado a proponer nuevas iniciativas. Entre ellas destacan un modelo conjunto de Naciones Unidas que recientemente viaj\u00f3 a Nueva York, espacios de formaci\u00f3n y debate para los equipos MUN de ambos colegios, y como proyectos de trabajo social colaborativo.<\/p>\t\t\t\t\t\t\t\t<\/div>\n\t\t\t\t<\/div>\n\t\t\t\t\t<\/div>\n\t\t<\/div>\n\t\t\t\t<div class=\"has_ae_slider elementor-column elementor-col-50 elementor-top-column elementor-element elementor-element-c948801 ae-bg-gallery-type-default\" data-id=\"c948801\" data-element_type=\"column\" data-e-type=\"column\">\n\t\t\t<div class=\"elementor-widget-wrap elementor-element-populated\">\n\t\t\t\t\t\t<div class=\"elementor-element elementor-element-49ab978 elementor-widget elementor-widget-image\" data-id=\"49ab978\" data-element_type=\"widget\" data-e-type=\"widget\" data-widget_type=\"image.default\">\n\t\t\t\t<div class=\"elementor-widget-container\">\n\t\t\t\t\t\t\t\t\t\t\t\t\t\t\t<img decoding=\"async\" width=\"1920\" height=\"1339\" src=\"https:\/\/marymountbogota.com\/newsite\/wp-content\/uploads\/2025\/11\/Untitled-design-13-1.webp\" class=\"attachment-full size-full wp-image-5776\" alt=\"\" srcset=\"https:\/\/marymountbogota.com\/newsite\/wp-content\/uploads\/2025\/11\/Untitled-design-13-1.webp 1920w, https:\/\/marymountbogota.com\/newsite\/wp-content\/uploads\/2025\/11\/Untitled-design-13-1-300x209.webp 300w, https:\/\/marymountbogota.com\/newsite\/wp-content\/uploads\/2025\/11\/Untitled-design-13-1-1024x714.webp 1024w, https:\/\/marymountbogota.com\/newsite\/wp-content\/uploads\/2025\/11\/Untitled-design-13-1-768x536.webp 768w, https:\/\/marymountbogota.com\/newsite\/wp-content\/uploads\/2025\/11\/Untitled-design-13-1-1536x1071.webp 1536w\" sizes=\"(max-width: 1920px) 100vw, 1920px\" \/>\t\t\t\t\t\t\t\t\t\t\t\t\t\t\t<\/div>\n\t\t\t\t<\/div>\n\t\t\t\t<div class=\"elementor-element elementor-element-50dfd04 elementor-widget elementor-widget-image\" data-id=\"50dfd04\" data-element_type=\"widget\" data-e-type=\"widget\" data-widget_type=\"image.default\">\n\t\t\t\t<div class=\"elementor-widget-container\">\n\t\t\t\t\t\t\t\t\t\t\t\t\t\t\t<img decoding=\"async\" width=\"800\" height=\"558\" src=\"https:\/\/marymountbogota.com\/newsite\/wp-content\/uploads\/2025\/11\/Untitled-design-14-1-1024x714.webp\" class=\"attachment-large size-large wp-image-5777\" alt=\"\" srcset=\"https:\/\/marymountbogota.com\/newsite\/wp-content\/uploads\/2025\/11\/Untitled-design-14-1-1024x714.webp 1024w, https:\/\/marymountbogota.com\/newsite\/wp-content\/uploads\/2025\/11\/Untitled-design-14-1-300x209.webp 300w, https:\/\/marymountbogota.com\/newsite\/wp-content\/uploads\/2025\/11\/Untitled-design-14-1-768x536.webp 768w, https:\/\/marymountbogota.com\/newsite\/wp-content\/uploads\/2025\/11\/Untitled-design-14-1-1536x1071.webp 1536w, https:\/\/marymountbogota.com\/newsite\/wp-content\/uploads\/2025\/11\/Untitled-design-14-1.webp 1920w\" sizes=\"(max-width: 800px) 100vw, 800px\" \/>\t\t\t\t\t\t\t\t\t\t\t\t\t\t\t<\/div>\n\t\t\t\t<\/div>\n\t\t\t\t<div class=\"elementor-element elementor-element-7955411 elementor-widget elementor-widget-image\" data-id=\"7955411\" data-element_type=\"widget\" data-e-type=\"widget\" data-widget_type=\"image.default\">\n\t\t\t\t<div class=\"elementor-widget-container\">\n\t\t\t\t\t\t\t\t\t\t\t\t\t\t\t<img loading=\"lazy\" decoding=\"async\" width=\"800\" height=\"558\" src=\"https:\/\/marymountbogota.com\/newsite\/wp-content\/uploads\/2025\/11\/CoEd_4-1024x714.webp\" class=\"attachment-large size-large wp-image-5778\" alt=\"\" srcset=\"https:\/\/marymountbogota.com\/newsite\/wp-content\/uploads\/2025\/11\/CoEd_4-1024x714.webp 1024w, https:\/\/marymountbogota.com\/newsite\/wp-content\/uploads\/2025\/11\/CoEd_4-300x209.webp 300w, https:\/\/marymountbogota.com\/newsite\/wp-content\/uploads\/2025\/11\/CoEd_4-768x536.webp 768w, https:\/\/marymountbogota.com\/newsite\/wp-content\/uploads\/2025\/11\/CoEd_4-1536x1071.webp 1536w, https:\/\/marymountbogota.com\/newsite\/wp-content\/uploads\/2025\/11\/CoEd_4.webp 1920w\" sizes=\"(max-width: 800px) 100vw, 800px\" \/>\t\t\t\t\t\t\t\t\t\t\t\t\t\t\t<\/div>\n\t\t\t\t<\/div>\n\t\t\t\t\t<\/div>\n\t\t<\/div>\n\t\t\t\t\t<\/div>\n\t\t<\/section>\n\t\t\t\t<section data-particle_enable=\"false\" data-particle-mobile-disabled=\"false\" class=\"has_ae_slider elementor-section elementor-top-section elementor-element elementor-element-3d284b5 elementor-section-boxed elementor-section-height-default elementor-section-height-default ae-bg-gallery-type-default\" data-id=\"3d284b5\" data-element_type=\"section\" data-e-type=\"section\">\n\t\t\t\t\t\t<div class=\"elementor-container elementor-column-gap-default\">\n\t\t\t\t\t<div class=\"has_ae_slider elementor-column elementor-col-50 elementor-top-column elementor-element elementor-element-ea56837 ae-bg-gallery-type-default\" data-id=\"ea56837\" data-element_type=\"column\" data-e-type=\"column\">\n\t\t\t<div class=\"elementor-widget-wrap elementor-element-populated\">\n\t\t\t\t\t\t<div class=\"elementor-element elementor-element-7185534 corner-rounded line-bottom-l elementor-widget elementor-widget-image\" data-id=\"7185534\" data-element_type=\"widget\" data-e-type=\"widget\" data-widget_type=\"image.default\">\n\t\t\t\t<div class=\"elementor-widget-container\">\n\t\t\t\t\t\t\t\t\t\t\t\t\t\t\t<img loading=\"lazy\" decoding=\"async\" width=\"800\" height=\"640\" src=\"https:\/\/marymountbogota.com\/newsite\/wp-content\/uploads\/2025\/11\/CoEd_5-1024x819.webp\" class=\"attachment-large size-large wp-image-5779\" alt=\"\" srcset=\"https:\/\/marymountbogota.com\/newsite\/wp-content\/uploads\/2025\/11\/CoEd_5-1024x819.webp 1024w, https:\/\/marymountbogota.com\/newsite\/wp-content\/uploads\/2025\/11\/CoEd_5-300x240.webp 300w, https:\/\/marymountbogota.com\/newsite\/wp-content\/uploads\/2025\/11\/CoEd_5-768x614.webp 768w, https:\/\/marymountbogota.com\/newsite\/wp-content\/uploads\/2025\/11\/CoEd_5-1536x1228.webp 1536w, https:\/\/marymountbogota.com\/newsite\/wp-content\/uploads\/2025\/11\/CoEd_5.webp 1563w\" sizes=\"(max-width: 800px) 100vw, 800px\" \/>\t\t\t\t\t\t\t\t\t\t\t\t\t\t\t<\/div>\n\t\t\t\t<\/div>\n\t\t\t\t\t<\/div>\n\t\t<\/div>\n\t\t\t\t<div class=\"has_ae_slider elementor-column elementor-col-50 elementor-top-column elementor-element elementor-element-0d9af52 ae-bg-gallery-type-default\" data-id=\"0d9af52\" data-element_type=\"column\" data-e-type=\"column\" data-settings=\"{&quot;background_background&quot;:&quot;classic&quot;}\">\n\t\t\t<div class=\"elementor-widget-wrap elementor-element-populated\">\n\t\t\t\t\t\t<div class=\"elementor-element elementor-element-a15a45b elementor-widget elementor-widget-heading\" data-id=\"a15a45b\" data-element_type=\"widget\" data-e-type=\"widget\" data-widget_type=\"heading.default\">\n\t\t\t\t<div class=\"elementor-widget-container\">\n\t\t\t\t\t<h2 class=\"elementor-heading-title elementor-size-default\">Impacto<\/h2>\t\t\t\t<\/div>\n\t\t\t\t<\/div>\n\t\t\t\t<div class=\"elementor-element elementor-element-c481acd elementor-widget elementor-widget-text-editor\" data-id=\"c481acd\" data-element_type=\"widget\" data-e-type=\"widget\" data-widget_type=\"text-editor.default\">\n\t\t\t\t<div class=\"elementor-widget-container\">\n\t\t\t\t\t\t\t\t\t<p>CoEd ha descrito en m\u00faltiples escenarios como \u201cla combinaci\u00f3n de lo mejor de los dos mundos\u201d, aludiendo a su capacidad para armonizar las virtudes de la educaci\u00f3n diferenciada \u2014especialmente en el desarrollo cognitivo y en el cuestionamiento de estereotipos sobre los roles de g\u00e9nero\u2014, con los beneficios de la socializaci\u00f3n en espacios compartidos.<\/p><p>En los primeros a\u00f1os de implementaci\u00f3n, los encuentros CoEd han contribuido a la creaci\u00f3n de futuras amistades y de \u201camigos para toda la vida\u201d reflejando ese esp\u00edritu de comunidad y cercan\u00eda que caracteriza a los estudiantes y egresados de ambos colegios.<\/p>\t\t\t\t\t\t\t\t<\/div>\n\t\t\t\t<\/div>\n\t\t\t\t\t<\/div>\n\t\t<\/div>\n\t\t\t\t\t<\/div>\n\t\t<\/section>\n\t\t\t\t<\/div>\n\t\t","protected":false},"excerpt":{"rendered":"<p>COEDUCACI\u00d3N CON EL GIMNASIO CAMPESTRE CoEd \u00bfQu\u00e9 es CoEd? CoEd es una alianza entre el Colegio Marymount y el Gimnasio Campestre que busca crear espacios acad\u00e9micos, formativos, deportivos y culturales compartidos, con el prop\u00f3sito de fortalecer la integraci\u00f3n entre estudiantes, el aprendizaje en entornos diversos y el desarrollo de habilidades sociales y emocionales. Esta iniciativa, [&hellip;]<\/p>\n","protected":false},"author":2,"featured_media":0,"parent":0,"menu_order":0,"comment_status":"closed","ping_status":"closed","template":"elementor_header_footer","meta":{"_acf_changed":false,"inline_featured_image":false,"_joinchat":[],"footnotes":""},"class_list":["post-741","page","type-page","status-publish","hentry"],"acf":[],"yoast_head":"<!-- This site is optimized with the Yoast SEO plugin v27.0 - https:\/\/yoast.com\/product\/yoast-seo-wordpress\/ -->\n<title>Proyecto CoEd - Marymount Colegio Femenino en Bogot\u00e1 | Colegio Marymount Bogot\u00e1<\/title>\n<meta name=\"robots\" content=\"noindex, follow, max-snippet:-1, max-image-preview:large, max-video-preview:-1\" \/>\n<meta property=\"og:locale\" content=\"es_ES\" \/>\n<meta property=\"og:type\" content=\"article\" \/>\n<meta property=\"og:title\" content=\"Proyecto CoEd - Marymount Colegio Femenino en Bogot\u00e1 | Colegio Marymount Bogot\u00e1\" \/>\n<meta property=\"og:description\" content=\"COEDUCACI\u00d3N CON EL GIMNASIO CAMPESTRE CoEd \u00bfQu\u00e9 es CoEd? CoEd es una alianza entre el Colegio Marymount y el Gimnasio Campestre que busca crear espacios acad\u00e9micos, formativos, deportivos y culturales compartidos, con el prop\u00f3sito de fortalecer la integraci\u00f3n entre estudiantes, el aprendizaje en entornos diversos y el desarrollo de habilidades sociales y emocionales. Esta iniciativa, [&hellip;]\" \/>\n<meta property=\"og:url\" content=\"https:\/\/marymountbogota.com\/newsite\/proyecto-coed\/\" \/>\n<meta property=\"og:site_name\" content=\"Marymount Colegio Femenino en Bogot\u00e1 | Colegio Marymount Bogot\u00e1\" \/>\n<meta property=\"article:modified_time\" content=\"2025-12-05T21:22:23+00:00\" \/>\n<meta property=\"og:image\" content=\"https:\/\/marymountbogota.com\/newsite\/wp-content\/uploads\/2025\/10\/logo-coed.webp\" \/>\n\t<meta property=\"og:image:width\" content=\"724\" \/>\n\t<meta property=\"og:image:height\" content=\"510\" \/>\n\t<meta property=\"og:image:type\" content=\"image\/webp\" \/>\n<meta name=\"twitter:card\" content=\"summary_large_image\" \/>\n<script type=\"application\/ld+json\" class=\"yoast-schema-graph\">{\"@context\":\"https:\/\/schema.org\",\"@graph\":[{\"@type\":\"WebPage\",\"@id\":\"https:\/\/marymountbogota.com\/newsite\/proyecto-coed\/\",\"url\":\"https:\/\/marymountbogota.com\/newsite\/proyecto-coed\/\",\"name\":\"Proyecto CoEd - Marymount Colegio Femenino en Bogot\u00e1 | Colegio Marymount Bogot\u00e1\",\"isPartOf\":{\"@id\":\"https:\/\/marymountbogota.com\/newsite\/#website\"},\"primaryImageOfPage\":{\"@id\":\"https:\/\/marymountbogota.com\/newsite\/proyecto-coed\/#primaryimage\"},\"image\":{\"@id\":\"https:\/\/marymountbogota.com\/newsite\/proyecto-coed\/#primaryimage\"},\"thumbnailUrl\":\"https:\/\/marymountbogota.com\/newsite\/wp-content\/uploads\/2025\/10\/logo-coed.webp\",\"datePublished\":\"2025-07-11T22:55:15+00:00\",\"dateModified\":\"2025-12-05T21:22:23+00:00\",\"breadcrumb\":{\"@id\":\"https:\/\/marymountbogota.com\/newsite\/proyecto-coed\/#breadcrumb\"},\"inLanguage\":\"es-CO\",\"potentialAction\":[{\"@type\":\"ReadAction\",\"target\":[\"https:\/\/marymountbogota.com\/newsite\/proyecto-coed\/\"]}]},{\"@type\":\"ImageObject\",\"inLanguage\":\"es-CO\",\"@id\":\"https:\/\/marymountbogota.com\/newsite\/proyecto-coed\/#primaryimage\",\"url\":\"https:\/\/marymountbogota.com\/newsite\/wp-content\/uploads\/2025\/10\/logo-coed.webp\",\"contentUrl\":\"https:\/\/marymountbogota.com\/newsite\/wp-content\/uploads\/2025\/10\/logo-coed.webp\",\"width\":724,\"height\":510},{\"@type\":\"BreadcrumbList\",\"@id\":\"https:\/\/marymountbogota.com\/newsite\/proyecto-coed\/#breadcrumb\",\"itemListElement\":[{\"@type\":\"ListItem\",\"position\":1,\"name\":\"Inicio\",\"item\":\"https:\/\/marymountbogota.com\/newsite\/\"},{\"@type\":\"ListItem\",\"position\":2,\"name\":\"Proyecto CoEd\"}]},{\"@type\":\"WebSite\",\"@id\":\"https:\/\/marymountbogota.com\/newsite\/#website\",\"url\":\"https:\/\/marymountbogota.com\/newsite\/\",\"name\":\"Marymount Colegio Femenino en Bogot\u00e1 | Colegio Marymount Bogot\u00e1\",\"description\":\"\",\"publisher\":{\"@id\":\"https:\/\/marymountbogota.com\/newsite\/#organization\"},\"potentialAction\":[{\"@type\":\"SearchAction\",\"target\":{\"@type\":\"EntryPoint\",\"urlTemplate\":\"https:\/\/marymountbogota.com\/newsite\/?s={search_term_string}\"},\"query-input\":{\"@type\":\"PropertyValueSpecification\",\"valueRequired\":true,\"valueName\":\"search_term_string\"}}],\"inLanguage\":\"es-CO\"},{\"@type\":\"Organization\",\"@id\":\"https:\/\/marymountbogota.com\/newsite\/#organization\",\"name\":\"Marymount Colegio Femenino en Bogot\u00e1 | Colegio Marymount Bogot\u00e1\",\"url\":\"https:\/\/marymountbogota.com\/newsite\/\",\"logo\":{\"@type\":\"ImageObject\",\"inLanguage\":\"es-CO\",\"@id\":\"https:\/\/marymountbogota.com\/newsite\/#\/schema\/logo\/image\/\",\"url\":\"https:\/\/marymountbogota.com\/newsite\/wp-content\/uploads\/2025\/05\/logo-marymount-color.svg\",\"contentUrl\":\"https:\/\/marymountbogota.com\/newsite\/wp-content\/uploads\/2025\/05\/logo-marymount-color.svg\",\"width\":224,\"height\":62,\"caption\":\"Marymount Colegio Femenino en Bogot\u00e1 | Colegio Marymount Bogot\u00e1\"},\"image\":{\"@id\":\"https:\/\/marymountbogota.com\/newsite\/#\/schema\/logo\/image\/\"}}]}<\/script>\n<!-- \/ Yoast SEO plugin. -->","yoast_head_json":{"title":"Proyecto CoEd - Marymount Colegio Femenino en Bogot\u00e1 | Colegio Marymount Bogot\u00e1","robots":{"index":"noindex","follow":"follow","max-snippet":"max-snippet:-1","max-image-preview":"max-image-preview:large","max-video-preview":"max-video-preview:-1"},"og_locale":"es_ES","og_type":"article","og_title":"Proyecto CoEd - Marymount Colegio Femenino en Bogot\u00e1 | Colegio Marymount Bogot\u00e1","og_description":"COEDUCACI\u00d3N CON EL GIMNASIO CAMPESTRE CoEd \u00bfQu\u00e9 es CoEd? CoEd es una alianza entre el Colegio Marymount y el Gimnasio Campestre que busca crear espacios acad\u00e9micos, formativos, deportivos y culturales compartidos, con el prop\u00f3sito de fortalecer la integraci\u00f3n entre estudiantes, el aprendizaje en entornos diversos y el desarrollo de habilidades sociales y emocionales. Esta iniciativa, [&hellip;]","og_url":"https:\/\/marymountbogota.com\/newsite\/proyecto-coed\/","og_site_name":"Marymount Colegio Femenino en Bogot\u00e1 | Colegio Marymount Bogot\u00e1","article_modified_time":"2025-12-05T21:22:23+00:00","og_image":[{"width":724,"height":510,"url":"https:\/\/marymountbogota.com\/newsite\/wp-content\/uploads\/2025\/10\/logo-coed.webp","type":"image\/webp"}],"twitter_card":"summary_large_image","schema":{"@context":"https:\/\/schema.org","@graph":[{"@type":"WebPage","@id":"https:\/\/marymountbogota.com\/newsite\/proyecto-coed\/","url":"https:\/\/marymountbogota.com\/newsite\/proyecto-coed\/","name":"Proyecto CoEd - Marymount Colegio Femenino en Bogot\u00e1 | Colegio Marymount Bogot\u00e1","isPartOf":{"@id":"https:\/\/marymountbogota.com\/newsite\/#website"},"primaryImageOfPage":{"@id":"https:\/\/marymountbogota.com\/newsite\/proyecto-coed\/#primaryimage"},"image":{"@id":"https:\/\/marymountbogota.com\/newsite\/proyecto-coed\/#primaryimage"},"thumbnailUrl":"https:\/\/marymountbogota.com\/newsite\/wp-content\/uploads\/2025\/10\/logo-coed.webp","datePublished":"2025-07-11T22:55:15+00:00","dateModified":"2025-12-05T21:22:23+00:00","breadcrumb":{"@id":"https:\/\/marymountbogota.com\/newsite\/proyecto-coed\/#breadcrumb"},"inLanguage":"es-CO","potentialAction":[{"@type":"ReadAction","target":["https:\/\/marymountbogota.com\/newsite\/proyecto-coed\/"]}]},{"@type":"ImageObject","inLanguage":"es-CO","@id":"https:\/\/marymountbogota.com\/newsite\/proyecto-coed\/#primaryimage","url":"https:\/\/marymountbogota.com\/newsite\/wp-content\/uploads\/2025\/10\/logo-coed.webp","contentUrl":"https:\/\/marymountbogota.com\/newsite\/wp-content\/uploads\/2025\/10\/logo-coed.webp","width":724,"height":510},{"@type":"BreadcrumbList","@id":"https:\/\/marymountbogota.com\/newsite\/proyecto-coed\/#breadcrumb","itemListElement":[{"@type":"ListItem","position":1,"name":"Inicio","item":"https:\/\/marymountbogota.com\/newsite\/"},{"@type":"ListItem","position":2,"name":"Proyecto CoEd"}]},{"@type":"WebSite","@id":"https:\/\/marymountbogota.com\/newsite\/#website","url":"https:\/\/marymountbogota.com\/newsite\/","name":"Marymount Colegio Femenino en Bogot\u00e1 | Colegio Marymount Bogot\u00e1","description":"","publisher":{"@id":"https:\/\/marymountbogota.com\/newsite\/#organization"},"potentialAction":[{"@type":"SearchAction","target":{"@type":"EntryPoint","urlTemplate":"https:\/\/marymountbogota.com\/newsite\/?s={search_term_string}"},"query-input":{"@type":"PropertyValueSpecification","valueRequired":true,"valueName":"search_term_string"}}],"inLanguage":"es-CO"},{"@type":"Organization","@id":"https:\/\/marymountbogota.com\/newsite\/#organization","name":"Marymount Colegio Femenino en Bogot\u00e1 | Colegio Marymount Bogot\u00e1","url":"https:\/\/marymountbogota.com\/newsite\/","logo":{"@type":"ImageObject","inLanguage":"es-CO","@id":"https:\/\/marymountbogota.com\/newsite\/#\/schema\/logo\/image\/","url":"https:\/\/marymountbogota.com\/newsite\/wp-content\/uploads\/2025\/05\/logo-marymount-color.svg","contentUrl":"https:\/\/marymountbogota.com\/newsite\/wp-content\/uploads\/2025\/05\/logo-marymount-color.svg","width":224,"height":62,"caption":"Marymount Colegio Femenino en Bogot\u00e1 | Colegio Marymount Bogot\u00e1"},"image":{"@id":"https:\/\/marymountbogota.com\/newsite\/#\/schema\/logo\/image\/"}}]}},"_links":{"self":[{"href":"https:\/\/marymountbogota.com\/newsite\/wp-json\/wp\/v2\/pages\/741","targetHints":{"allow":["GET"]}}],"collection":[{"href":"https:\/\/marymountbogota.com\/newsite\/wp-json\/wp\/v2\/pages"}],"about":[{"href":"https:\/\/marymountbogota.com\/newsite\/wp-json\/wp\/v2\/types\/page"}],"author":[{"embeddable":true,"href":"https:\/\/marymountbogota.com\/newsite\/wp-json\/wp\/v2\/users\/2"}],"replies":[{"embeddable":true,"href":"https:\/\/marymountbogota.com\/newsite\/wp-json\/wp\/v2\/comments?post=741"}],"version-history":[{"count":10,"href":"https:\/\/marymountbogota.com\/newsite\/wp-json\/wp\/v2\/pages\/741\/revisions"}],"predecessor-version":[{"id":6075,"href":"https:\/\/marymountbogota.com\/newsite\/wp-json\/wp\/v2\/pages\/741\/revisions\/6075"}],"wp:attachment":[{"href":"https:\/\/marymountbogota.com\/newsite\/wp-json\/wp\/v2\/media?parent=741"}],"curies":[{"name":"wp","href":"https:\/\/api.w.org\/{rel}","templated":true}]}}